i.
2, 3, 107
Suppose 3*t = 301*h - 305*h + 25949, 0 = -5*t + 15. What are the prime factors of h?
5, 1297
Let h = 1661 - 15. What are the prime factors of h?
2, 823
Suppose 3*i + 5*r = 15, -3*r - r = 5*i - 25. Suppose -2 = -4*t + 6, 0 = -i*x - 3*t + 1241. What are the prime factors of x?
13, 19
Let h(n) = -29*n + 11. Let v(x) = -36*x + 10. Let w(s) = -3*h(s) + 2*v(s). Let q be 32*(10/4 - 2). List the prime factors of w(q).
227
Let j be 0/((-3 + 2)*-1). Suppose j = 2*y - 4*h - 20, -5*y = -5*h - 29 - 6. List the prime factors of 58 - 1 - 8/(y/(-1)).
59
Suppose 0 = 5*s - 7*s - 2*f + 3614, 2*f - 1806 = -s. Suppose -s - 8644 = -26*a. List the prime factors of a.
2, 3, 67
Let l = -15 - -163. Suppose -4*d + l = -1280. List the prime factors of d.
3, 7, 17
Let c(y) = y**2 - 16*y + 7. Suppose -11*z - 3*z + 56 = 0. Let w be (-128)/(-7) - z/14. What are the prime factors of c(w)?
43
Let k = 5536 + -3685. Suppose 111*y + k = 114*y. What are the prime factors of y?
617
Let d = -141 - -289. Let w = 175 - d. What are the prime factors of w?
3
List the prime factors of 0/((-8)/(-4) + -4) - (-28066 + 4).
2, 3, 1559
Let v(x) be the first derivative of -x**4/12 - x**3 + 5*x**2/2 + 10*x - 8. Let p(f) be the first derivative of v(f). What are the prime factors of p(-6)?
5
Suppose -3*q = -4*p - 162, -5*p - 15 = -0*p. Let f = -49 + q. List the prime factors of (f/2)/(10/180).
3
Let n(v) = -107*v**3 + v**2 - 37*v - 184. List the prime factors of n(-5).
3, 1489
Let f = -707 + 367. Let l = f - -543. What are the prime factors of l/2 - (-3)/6?
2, 3, 17
Suppose 2*u + 3*s = 7, 2*u = u + 5*s - 3. Suppose 0 = -3*r - 3*l + 2865, -r - 3814 = -5*r - u*l. List the prime factors of r.
2, 7, 17
Let a = -228 + -107. Let m = 864 + a. Let b = -351 + m. What are the prime factors of b?
2, 89
Suppose 3*u + 23 = -3*v + 4*v, 4*u + 5*v = 1. List the prime factors of 4 - (u + 6042)/(-3).
2, 3, 7
Let u(b) = b**3 + 9*b**2 - b + 14. Let o = -34 - -27. Let m = o - 2. List the prime factors of u(m).
23
Let c = 55 - 56. Let g be 4248/15 + c/(-10)*-2. Suppose -1197 = -5*a + g. List the prime factors of a.
2, 37
Let o(u) = u + 2. Let y be o(0). Suppose 0 = -4*h + y*t + 226, 3*h - 2*t = 76 + 95. List the prime factors of h.
5, 11
Let r = 50296 + -22921. What are the prime factors of r?
3, 5, 73
Let l be 105/(-280) + 6/16. Suppose 21*s - 15412 + 5143 = l. List the prime factors of s.
3, 163
Let u(l) = -97*l**3 - 4*l**2 - 5*l + 2. Let a be u(-4). Suppose -9*b + a + 3257 = 0. List the prime factors of b.
3, 349
Let w(n) = -n**3 - 4*n**2 + 6*n + 7. Suppose -26*g = -10*g + 192. What are the prime factors of w(g)?
1087
Suppose -5*h - 2*a = -1501 - 6917, 0 = -5*h - 3*a + 8417. Suppose h = -7*g + 7347. What are the prime factors of g?
809
Suppose 46077*d - 46048*d - 22156 = 0. What are the prime factors of d?
2, 191
Let j = -6840 - -16228. List the prime factors of j.
2, 2347
Suppose -7*s - 47036 + 139135 = 0. List the prime factors of s.
59, 223
Let o = -9058 + 13602. What are the prime factors of o?
2, 71
Let v(l) = -l**2 + 8*l + 33235. Let o be v(0). What are the prime factors of 4/9 + (-9 - o/(-45))?
2, 5, 73
Suppose 0 = 71*b - 117*b + 174478. What are the prime factors of b?
3793
Suppose 0 = 15*i - 215594 + 119212 - 126773. List the prime factors of i.
3, 19, 29
Let a be 31142/23 + 1*(1 - 0). Suppose 33*k - a = 2704. What are the prime factors of k?
3, 41
Let u(d) = 2*d**2 + 9*d - 14. Let v be u(-8). Suppose -48*p = -v*p - 2808. What are the prime factors of p?
2, 3, 13
Let v be 0 - (786/(-10) + 8/(-20)). Suppose -5*k + 3 + 73 = -2*j, 5*k = 3*j + v. Suppose -1792 = -k*h + 7*h. What are the prime factors of h?
2
Let f be 11 + (-1 - 0) + -5. Suppose -2*h - 12*a = -10*a + 6, -f*a - 17 = 4*h. What are the prime factors of h?
2
Suppose -26*z + 947 = -2195 - 82. What are the prime factors of z?
2, 31
Let y(s) = 24*s**2 + 3*s + 15. Let r be y(-7). Suppose -r = -9*z + 4*z. List the prime factors of z.
2, 3, 13
Suppose 226*l + 130053 = 233*l. Suppose 0 = 205*q - 194*q - l. What are the prime factors of q?
3, 563
Let w = 6 - 1. Suppose -2*c + 707 = 4*v + v, 0 = w*c + 20. Suppose 5*x + 4*n = v, -22 = -x - 2*n - n. What are the prime factors of x?
31
Let b(w) = 38*w**2 - 290*w - 757. What are the prime factors of b(51)?
13, 43, 149
Let y(m) = 11*m**2 + m - 11. Let l be y(-6). Suppose 0 = 3*s, 2*n - s = -5*s - 226. Let p = l + n. List the prime factors of p.
2, 7, 19
Let o = 646 + -301. Let d = 1238 - o. What are the prime factors of d?
19, 47
Suppose -6 = -5*m - 2*s, -4*s + 6 + 6 = -4*m. Suppose 18*f + 4*f - 7260 = m. List the prime factors of f.
2, 3, 5, 11
Let b(o) = -2*o + 6 + 3*o - 3. Let r be b(-7). What are the prime factors of 2/(r/(-2)) + 74?
3, 5
Let p = 1943 - -39719. What are the prime factors of p?
2, 37, 563
Let j(r) = 6*r - 105. Let d be j(18). Suppose -y - l + 2*l + 24 = 0, d*y - 67 = 4*l. What are the prime factors of y?
29
Suppose 4*v + 30 = 8*p - 3*p, -p = -v - 7. Suppose -4*k - 2*b + 164 = 0, k = -p*b - b + 51. Suppose -k*l = -42*l + 309. What are the prime factors of l?
103
Suppose 102*h - 610136 = 1985031 + 222379. List the prime factors of h.
23, 1201
Let a be ((-132)/(-36))/(2/21)*-2. List the prime factors of ((-14)/a - (-51)/22)*74.
5, 37
Let d = 1132 + -578. Suppose 4*p - d = 658. What are the prime factors of p?
3, 101
Let b(x) = -836*x - 12. Let k be b(2). Let q = -730 - k. What are the prime factors of q?
2, 3, 53
What are the prime factors of (-20 - -6 - 8) + 42309?
7, 863
Suppose 45 = 4*x + 5*n + 5, -23 = -3*x - 2*n. Suppose -32 = -x*j - 4*f, f + 11 + 6 = 5*j. Suppose -51 = -2*l + 3*v, j = -2*v + 6*v. List the prime factors of l.
3
Let r = 197 + -201. List the prime factors of (-1)/(0 - r/(-1196)).
13, 23
Let t be (-6)/78 + (-106)/(-26). Suppose -24*z + 2540 = -t*z. List the prime factors of z.
127
Suppose 16 - 6 = -2*u - 2*i, -25 = u + 5*i. Suppose u = 15*b - 1528 - 2012. What are the prime factors of b?
2, 59
Suppose 4*r - 5*v - 25120 = -5025, 3*r + v = 15057. What are the prime factors of r?
2, 5, 251
Let o = 78456 - 41666. List the prime factors of o.
2, 5, 13, 283
Let v(g) be the third derivative of -1/30*g**5 + 0*g + 1/6*g**3 + 0 - 1/30*g**6 - 35*g**2 - 1/12*g**4. What are the prime factors of v(-3)?
97
Let t = 3400 + 14348. List the prime factors of t.
2, 3, 17, 29
Suppose 0 = -a - 5*k + 51657, k = 22 - 17. List the prime factors of a.
2, 7, 461
Let x(i) = 5*i**3 - 12*i**2 - 6*i - 15. Let k be x(7). Suppose -2*r + 0*r + k = 0. What are the prime factors of r?
5, 107
Suppose -m = 3*k - 2000, -4*k + 3320 = k - m. List the prime factors of 7/(-28) + k/4.
2, 83
Let i(c) = -7*c + 1099 + 3*c**2 - 1104 + 30*c. Let r be (1 + -31)*14/35. What are the prime factors of i(r)?
151
Suppose -46*v + 38268 = -34*v. What are the prime factors of v/(-18)*-3*2 - -2?
3, 5, 71
Let x = -5297 + 12501. List the prime factors of x.
2, 1801
Let a(b) = 372*b**2 + 2*b + 7. Let f be a(-2). Suppose -f = -7*h + 168. Suppose -4*u + 2*j = j - h, -u + 4*j = -63. List the prime factors of u.
59
Let t be (-32)/176 + 2/11. Let m(y) = y - 4. Let h be m(7). Suppose -v + t*s = 5*s - 40, h*s = v. What are the prime factors of v?
3, 5
Suppose -2*y + 115 = n, -222*n + 217*n = -y - 542. What are the prime factors of n?
109
Let n(r) = r**3 - 10*r**2 - 24*r + 3. Let f be n(12). Suppose 2*w - 5*d = f*w - 646, w = 2*d + 660. List the prime factors of w.
2, 41
Let z be 6 - 2*(-12)/(-8). Suppose -1304 = -j - z*j. List the prime factors of j.
2, 163
Let z = -569 - 17. Let w = z + 924. List the prime factors of w.
2, 13
Suppose 0 = 5*p - 11 - 4. Suppose 290 = -13*h + 1226. Suppose 0 = 2*l - p*l + h. List the prime factors of l.
2, 3
Suppose 0 = -4*k + 3*k + 5. Let d(c) = c**2 - 6*c + 10. Let r be d(k). Suppose -5*s + 520 = 5*t, 7*t + r*s - 418 = 3*t. What are the prime factors of t?
2, 3, 17
Suppose -148*i - 113*i = -4711833. What are the prime factors of i?
7, 2579
Let j = -5 + 9. Let g(c) = -6*c + 66. Let i be g(15). What are the prime factors of 2485/30 - j/i?
83
Let i = 18782 - 13194. What are the prime factors of i?
2, 11, 127
Suppose -2*z + 9 = 5*l - 5*z, -5*l + z + 13 = 0. Let k(x) be the first derivative of 37*x**2/2 + 5*x + 7. List the prime factors of k(l).
2, 29
Let z(b) = -10 + 0*b + 50 + 8*b**2 + 7*b. What ar